*d**2 + 34*d + 13. Suppose 8*q - 17*c - 85 = -16*c, -15 = -5*c. Give g(q).
24
Let p(z) = 175*z + 1219. Let l be (-31 - 5)/(-12)*-1 + -4. What is p(l)?
-6
Let f(m) = 2*m**2 - 1716*m**3 - 7*m + 15*m + 1715*m**3 - 13. Give f(-3).
8
Let y(w) be the third derivative of -w**6/120 - w**5/12 + 5*w**4/24 + w**3/3 - 204*w**2. Suppose 4*a = o - 3, -13 = 4*o + 2*a + 11. Calculate y(o).
-23
Let a(b) be the first derivative of 4*b**2 + 1/3*b**3 + 6*b - 1. Let h be (5 - -4)/(42/(-28)). What is a(h)?
-6
Let g = -196 - -197. Let f(v) = 5*v**2 - 3*v - 1. Determine f(g).
1
Let z(x) = -x**3 + 10*x - 2431*x**2 + 4837*x**2 - 2405*x**2. What is z(-3)?
6
Let d(g) be the first derivative of -2*g**3 + 2*g + 1. Let s be (-12)/(-18)*(-27)/(-6). Suppose l + p = -0*p + s, p = l + 7. Calculate d(l).
-22
Let z(d) = -3*d + 113 - d**3 - 69*d**2 + 75*d**2 - 51 - 62. Calculate z(5).
10
Let d(g) = -g + 4. Let a(c) be the first derivative of c**4/4 - 4*c**3 - 6*c**2 - 9*c + 36. Let n be a(13). Give d(n).
0
Suppose 5*h = -3*f + 48, -5*h = -14*f + 12*f - 18. Let r(w) = w**3 - 5*w**2 - w - 10. What is r(h)?
20
Let q(o) be the first derivative of 1/30*o**5 + 0*o + 33 + 0*o**2 - 1/360*o**6 - 1/12*o**4 - 20/3*o**3. Let x(s) be the third derivative of q(s). Give x(4).
-2
Let t = 13 + -13. Let c(v) be the first derivative of -1/2*v**2 + 5 + 1/3*v**3 - 1/4*v**4 + 3*v. What is c(t)?
3
Let w be ((-44)/(-33) - 114/18) + 3 + 12. Let r(s) = -s**2 + 14*s - 14. What is r(w)?
26
Let d(h) = 12*h + 112. Let p(o) = 3*o + 25. Let z(r) = 2*d(r) - 9*p(r). Give z(1).
-4
Let s(n) = -265*n**2 + 0*n + 0*n - 8*n**3 + 264*n**2 - 1 + n. Suppose -5*f - 38 = 7. Let c be (-8)/36 + (-11)/f. Determine s(c).
-9
Let z(p) = 245 - p + 162 - 297 + p**3 + 3*p + 2*p**2. Determine z(0).
110
Let n(u) = 30*u + 525. Let j be n(-17). Let w(a) = a**3 - 14*a**2 - 13*a - 4. What is w(j)?
26
Let w(q) = 3*q**3 + q**2. Let r be -1 - 10*(-4)/8. Suppose k - 8 = -4*x + r, -2*x = 3*k - 6. Suppose -2*z = 2*h - 6, k = 5*h - 3*z - 2 + 19. What is w(h)?
-2
Let r(n) = -n**2 + 13*n - 47. Let m be r(5). Let j(k) = -5*k - 31. Let x(c) = 11*c + 67. Let w(g) = m*j(g) - 3*x(g). Calculate w(-6).
4
Suppose 5*f + 4*k = 46 + 16, -5*k + 15 = 0. Let p be ((-5)/(10/(-3)))/(5/f). Let v(t) = 5 - p + 2*t - 1. Calculate v(3).
7
Let m(y) be the first derivative of -y**3/3 + 5*y**2/2 + 31*y - 10973. Determine m(9).
-5
Let v(h) = 7*h**2 + 8*h - 14. Let k = 68 - 73. Let n(t) = 11*t**2 + 12*t - 23. Let x(l) = k*n(l) + 8*v(l). Give x(-3).
0
Suppose -18*f - 12600 = -32*f. Let g = -896 + f. Let n(a) be the first derivative of -a**3/3 + 3*a**2/2 - 3*a - 2. Determine n(g).
-7
Let t(u) = -11 - 15 + 15 - 4 + 2 - 6*u. Determine t(-4).
11
Let x(t) = 154*t - 7. Let q(j) = 114*j - 5. Let w(n) = 19*q(n) - 14*x(n). Calculate w(6).
63
Let x = -112 - -118. Let i(l) be the first derivative of l**3/3 - 9*l**2/2 + 12*l + 1. Let k be i(x). Let c(t) = -t**2 - 7*t + 4. Give c(k).
10
Let h = -621 - -627. Let f(l) = 23 + 2*l - 3*l**2 + 4*l**2 + 0*l**2 - 16 + h*l. Calculate f(-6).
-5
Let j = -13 + 13. Suppose -2*s + 2*g = j, 0*s + 5*g - 3 = 4*s. Suppose 0 = 7*b - s*b - 2*m - 14, m = 3*b - 11. Let l(a) = a - 2. Calculate l(b).
2
Let i be (-10)/(-6) + -10 + 196/21. Let y(n) = -80*n + 5. Give y(i).
-75
Let g(o) = -o - 51. Suppose 47*y = 16*y. Give g(y).
-51
Let l(v) be the first derivative of 4*v - 92 + 2/3*v**3 - 7/2*v**2. What is l(3)?
1
Let d(b) = b**3 + 109*b**2 + 232*b + 1927. Let x be d(-107). Let j(g) be the second derivative of 0*g**3 + 2*g - 1/3*g**4 + 0 + 0*g**2. Determine j(x).
-4
Let y(s) = 15 - 21*s + 19 + s**2 + 8*s - 15. Determine y(14).
33
Let q(x) = -2*x - 3*x - 2*x**2 + 0*x + 4. Let g = -111 + 114. Suppose j + 0*j - 4*u = 16, 4*j = g*u - 1. Calculate q(j).
-8
Let s(w) be the third derivative of -w**7/5040 - w**6/144 + w**5/15 + 3*w**4/8 - 47*w**2 + 1. Let h(j) be the third derivative of s(j). Calculate h(-11).
6
Let a be (-104)/(-6)*((-3384)/611 + 6). Let l(p) = -p**3 + 8*p**2 - 7*p + 3. Calculate l(a).
-53
Let j(o) = -o**2 + 7*o + 18. Suppose 0 = -4*g - 5*q - 5 + 42, -5*g - 3*q + 43 = 0. Calculate j(g).
10
Let m be (-264)/(-72) + 6/(-9). Let l(j) = -4*j**3 + 0 + 4 - m*j**2 + 3*j**3 + 2 + 5*j. Give l(-4).
2
Let w(y) be the third derivative of 3*y**3 + 0 + 0*y + 3*y**2 + 1/3*y**4 - 1/120*y**5. Let q(j) be the first derivative of w(j). What is q(5)?
3
Let b(g) = -g**2 + 18*g - 26. Let s be ((-16)/(-7))/(3355/(-427) + 4*2). Determine b(s).
6
Let j(r) = r**3 - 9*r**2 + 5*r - 3. Let s be 10*(29 - 27)*4/10. Determine j(s).
-27
Let p(x) = -44*x**2 + 12*x - 62. Let r(l) = 25*l**2 - 7*l + 37. Let z(a) = 3*p(a) + 5*r(a). Let w = 3 + -2. Determine z(w).
-7
Let x(t) be the first derivative of 7/3*t**3 + 0*t**2 + 1/8*t**4 - 1/120*t**5 + 0*t - 15. Let c(j) be the third derivative of x(j). Calculate c(7).
-4
Let m = -450 + 452. Let a(y) = 63 + y**2 - 2*y**m - 124 - y + 65. Calculate a(-5).
-16
Let u(l) = 10*l + 579. Let c be u(-57). Let q(h) = h**2 - 9*h + 9. What is q(c)?
9
Let d(v) be the third derivative of 1/24*v**4 + 0*v + 53*v**2 + 0 + 4*v**3. Calculate d(-15).
9
Let t(m) be the second derivative of m**4/12 - 11*m**3/3 + 29*m**2/2 + 2*m + 1482. Determine t(20).
-11
Let c(i) = -8*i**2 + 4*i + 2. Let p(n) = n**3 + n**2 + n + 3. Let s(r) = 2. Let y(h) = p(h) - 2*s(h). Let o(g) = -c(g) - y(g). Calculate o(7).
-36
Let m(b) = -10 - 11*b + 20*b - 10 - 14. Let w be m(4). Let y(x) = -x**3 + x**2 + 2*x - 2. Give y(w).
-2
Let o(h) be the third derivative of h**4/12 + 59*h**3/6 - 4*h**2 - 516*h. Determine o(-31).
-3
Let d(i) = -7*i + 16. Let z be (6/(-4))/(7/(-14) - 0). Let a(k) = -9*k + 18. Let f(o) = z*a(o) - 4*d(o). Determine f(0).
-10
Let v(o) = -110*o - 101*o + 20 - 103*o + 301*o - 92. Determine v(-7).
19
Let b(x) = 4*x + 2. Let h = 392 + -109. Let c = h + -281. Calculate b(c).
10
Let z(h) = -3*h**3 - 2*h**2 + 1. Let b be z(-1). Let s(p) = p**3 - 2*p**2 - 3*p + 3. Let m be s(b). Let g(u) = 4 + 238*u - 235*u - 3. What is g(m)?
-8
Let q = -400 + 409. Let d(a) = 7*a - 29. What is d(q)?
34
Suppose 190 + 322 = -8*p. Let c = p + 64. Let n(g) = 5 - 12 + c - g. What is n(-9)?
2
Suppose -3*y + 27 - 8 = q, 5*q = 4*y. Suppose -5*b = -3*l - 31, y*l = b - 0*l - 15. Let s(g) be the second derivative of -g**3/6 - g**2 + 83*g. What is s(b)?
-7
Let u(m) = 3*m - 10. Let l(r) = 2*r**2 - 7*r + 10. Let d be (30 + -37)*(-2)/7. Let a be l(d). Suppose 24 = 3*z + c + 6, -5*z + 23 = a*c. Calculate u(z).
11
Let s(y) be the first derivative of y**3/6 + y**2 + 23*y + 7. Let c(h) be the first derivative of s(h). Calculate c(-3).
-1
Let u(a) be the first derivative of a**7/840 + a**6/120 - a**5/120 - a**4/24 + 61*a**3/3 - a**2 - 77. Let q(k) be the third derivative of u(k). What is q(-2)?
5
Let w = 10 + -7. Let s(b) be the first derivative of b - 17 + 4 + 7 - 3*b**2 - 15. What is s(w)?
-17
Let n(p) be the second derivative of p**5/20 - p**4/4 - p**3/6 + p**2 - 3*p - 8. Calculate n(4).
14
Let d(a) = 1343*a**2 - 23*a - a**3 + 22 - 2657*a**2 - 13 + 19 + 1338*a**2. Determine d(23).
28
Let r be ((-90)/225)/((-2)/10). Let g(h) = -h**2 - h**r - 3*h**2 - 17535*h - 7 + 4*h**2 + 17534*h. Determine g(-5).
-27
Suppose -2*z + 5*q + 52 = 0, -4*z + 0*q - 2*q + 104 = 0. Let g = z - -36. Let m(f) = -34*f**2 + 7*f + g*f**2 + 11 - 29*f**2. Give m(8).
3
Let o(m) = 3*m - 9. Let u = 2860 + -2867. Determine o(u).
-30
Let z(r) = r**3 - 5*r**2 + 6*r - 4. Let a be z(4). Suppose 3 = 2*s + 3*q - 21, 46 = 5*s + 4*q. Let h(u) = 12*u + 4*u**2 - s*u**2 - 10*u + 5. What is h(a)?
-19
Let x(g) be the first derivative of g**5/30 - g**4/4 - g**3/6 - 95*g**2/2 + g + 47. Let s(k) be the second derivative of x(k). Give s(3).
-1
Let d(r) be the second derivative of r**3/6 + r**2 - r. Let u be 5 + -4 + (-35)/5 - 66/(-11). What is d(u)?
2
Let m(v) = -10*v - 26. Suppose 0 = 2*r - 3*l - 2, 4 = 4*l - 6*l. What is m(r)?
-6
Let g(o) = -17*o**2. Let p be 9 + (-2 - (4 - (0 - -2))). Suppose 0 = 5*f - 5*x - p - 5, f = -4*x - 3. What is g(f)?
-17
Let t(i) be the second derivative of i**4/12 + i**2/2 + 2*i. Suppose 3*o - 35 = 4. Suppose -4*f = l - 2 - 3, 3*l - 2*f = -o. Calculate t(l).
10
Let g(n) = -3*n**2 + 7*n - 2. Let u be ((-420)/126)/(3/9 - 1). Determine g(u).
-42
Let s be (-1)/(6/8) + (-8)/(312/(-325)). Let r(y) = 5*y**2 - 36*y + 15. Determine r(s).
8
Let q(u